1037 a prime number?
False
Is 713060213 composite?
True
Is 741488197 a prime number?
False
Is 6578684155 composite?
True
Is 5684229893 a composite number?
True
Is 3854555261 a prime number?
True
Is 5695157263 composite?
False
Is 2350330921 composite?
True
Is 159062061 composite?
True
Is 2172616139 composite?
False
Is 8426235547 composite?
False
Is 4758503479 prime?
True
Is 2936694269 a composite number?
True
Is 557317129 prime?
True
Is 190625263 a prime number?
True
Is 44270870459 prime?
False
Is 580135741 composite?
True
Is 36249485666 composite?
True
Is 1657550639 prime?
False
Is 269174263 a composite number?
True
Is 722294049 a prime number?
False
Is 1140709657 a composite number?
False
Is 14226644423 a prime number?
True
Is 28216917633 composite?
True
Is 16460515831 a prime number?
False
Is 59491770383 a prime number?
True
Is 994594379 a composite number?
False
Is 10046074309 composite?
True
Is 1746903931 prime?
False
Is 19484435158 composite?
True
Is 160302071 prime?
True
Is 799408777 prime?
True
Is 70255811 prime?
True
Is 1070323159 a prime number?
False
Is 3899995102 a composite number?
True
Is 17123619587 composite?
False
Is 46487502859 composite?
True
Is 16051086407 a prime number?
True
Is 12238325107 a composite number?
False
Is 877736751029 composite?
False
Is 358347623 a prime number?
False
Is 291292279 composite?
False
Is 6873884671 a composite number?
False
Is 30327153517 prime?
True
Is 362222241715 a prime number?
False
Is 1516865093 a composite number?
True
Is 620960633 a composite number?
False
Is 856882753 prime?
False
Is 26747280829 a composite number?
False
Is 267347534629 a composite number?
True
Is 104173715623 prime?
False
Is 2084902403 a prime number?
False
Is 5647335143 a composite number?
False
Is 2565794885 a composite number?
True
Is 1707008389 composite?
False
Is 27430783321 a prime number?
True
Is 427676443 prime?
True
Is 54354585773 composite?
False
Is 53963501659 a prime number?
False
Is 113422535867 a composite number?
False
Is 2534163319 a composite number?
True
Is 4934090969 a prime number?
False
Is 133896114827 a composite number?
False
Is 463647221 a composite number?
False
Is 34759121213 composite?
True
Is 14714696195 a prime number?
False
Is 2475434981 prime?
True
Is 3492845767 prime?
True
Is 62104711033 composite?
False
Is 4479158557 a prime number?
True
Is 2240166737 a prime number?
True
Is 23147615521 prime?
True
Is 826259683 a composite number?
True
Is 207381307813 a composite number?
False
Is 2024479889 composite?
True
Is 1015893397 a composite number?
True
Is 3277855393 prime?
False
Is 209623057645 composite?
True
Is 148142228449 composite?
False
Is 195818660407 composite?
False
Is 111878027 prime?
False
Is 220385441 a prime number?
True
Is 5264995861 a composite number?
False
Is 10357286789 a prime number?
True
Is 3134056633 prime?
True
Is 435337087 a composite number?
False
Is 190215609137 prime?
True
Is 3192418757 prime?
False
Is 1482960623 composite?
False
Is 4184735407 a composite number?
False
Is 420270439 prime?
True
Is 18696072671 prime?
True
Is 9092838013 a composite number?
True
Is 1257341593 a prime number?
False
Is 27831726185 a composite number?
True
Is 758657117 composite?
False
Is 3239288153 composite?
False
Is 6132912151 a composite number?
False
Is 497691419 a composite number?
True
Is 58777486987 a prime number?
False
Is 384482923 a prime number?
False
Is 6676750763 a prime number?
False
Is 1689368089 composite?
True
Is 700817561 prime?
True
Is 1999787717 a prime number?
True
Is 5142981209 a composite number?
True
Is 56294929745 composite?
True
Is 1739618287 prime?
False
Is 7523481079 prime?
False
Is 45679769453 a composite number?
True
Is 9567635461 a prime number?
True
Is 102444632239 a composite number?
False
Is 165787000583 prime?
True
Is 129467503101 composite?
True
Is 1647613573 a prime number?
True
Is 132028243 composite?
False
Is 10980090683 a prime number?
False
Is 14341893089 a prime number?
False
Is 3823432979 composite?
False
Is 6752879839 a composite number?
False
Is 8027017501 a composite number?
True
Is 1373365711 a prime number?
True
Is 301528639 a prime number?
True
Is 88856733157 a composite number?
False
Is 3525502291 prime?
True
Is 94301071913 prime?
False
Is 102601727 a prime number?
False
Is 75498824471 composite?
True
Is 4658442407 a composite number?
False
Is 24230104207 a prime number?
True
Is 1889213581 composite?
False
Is 1054041149 a prime number?
False
Is 3245332999 composite?
False
Is 95795257171 composite?
True
Is 58515053689 prime?
False
Is 473594917 prime?
False
Is 587762061 a composite number?
True
Is 9769913249 prime?
True
Is 5903183095 composite?
True
Is 64627935711 a composite number?
True
Is 64371019 a composite number?
False
Is 640739557 a composite number?
True
Is 5793077 a composite number?
False
Is 772286917 composite?
True
Is 14373888083 a composite number?
False
Is 4938340969 a prime number?
True
Is 362501639 composite?
False
Is 22393949 prime?
False
Is 424678403 composite?
False
Is 54273751 a prime number?
False
Is 35799282622 a composite number?
True
Is 719632747 a composite number?
True
Is 51381576173 prime?
False
Is 1613996801 a composite number?
False
Is 28304832917 a prime number?
True
Is 8166215881 a composite number?
False
Is 9708208847 prime?
True
Is 4807459317 a prime number?
False
Is 259710103 a composite number?
True
Is 130846702271 composite?
False
Is 72122869033 prime?
False
Is 14324474251 a prime number?
True
Is 195956407 composite?
True
Is 11048115959 a composite number?
True
Is 4743954073 a composite number?
True
Is 246093677 prime?
False
Is 11829041309 a composite number?
False
Is 99279416623 prime?
False
Is 1357920617 composite?
False
Is 10233070229 a composite number?
False
Is 18155838583 a composite number?
True
Is 51049671403 a prime number?
False
Is 454251353 composite?
False
Is 89056861689 a composite number?
True
Is 150629553383 prime?
False
Is 3244153547 composite?
False
Is 77141023019 a prime number?
True
Is 23340234002 a composite number?
True
Is 4516504669 a prime number?
False
Is 21931577933 a prime number?
False
Is 648111683 a prime number?
False
Is 784145581 prime?
False
Is 877190915 a composite number?
True
Is 483648383 a composite number?
False
Is 21253340233 prime?
False
Is 1190462969 composite?
False
Is 3910561751 composite?
False
Is 101933711437 a composite number?
True
Is 1016963659 prime?
True
Is 38305144869 a prime number?
False
Is 188022361 a composite number?
False
Is 266966899 composite?
False
Is 48875603039 composite?
True
Is 15707892017 a prime number?
True
Is 69868666523 a composite number?
False
Is 708611719 prime?
False
Is 1468395911 a prime number?
False
Is 17306772199 a prime number?
False
Is 81834037 a prime number?
True
Is 5509390291 a prime number?
False
Is 1280649437 prime?
True
Is 27772915021 a prime number?
False
Is 5821399 composite?
True
Is 519488231 prime?
True
Is 2188620173 composite?
False
Is 66051603493 composite?
False
Is 462985116791 composite?
False
Is 105105067429 a prime number?
False
Is 1338770117 a composite number?
True
Is 5320997321 composite?
False
Is 14255701739 a prime number?
True
Is 2265021271 a prime number?
True
Is 883966879 a composite number?
True
Is 24736893581 composite?
False
Is 884011039 prime?
True
Is 48327569 a composite number?
True
Is 970677979 a composite number?
False
Is 69280242095 a composite number?
True
Is 2376280345 a composite number?
True
Is 67543669351 prime?
True
Is 6005825747 a prime number?
False
Is 55889628713 a prime number?
True
Is 15217105999 composite?
True
Is 41969495726 prime?
False
Is 7963089103 a composite number?
True
Is 14393153041 composite?
False
Is 4910409709 composite?
False
Is 318035261 a prime number?
False
Is 40531319 composite?
False
Is 15206202833 a composite number?
False
Is 266507621 composite?
True
Is 20552479 a prime number?
True
Is 1095260381 a composite number?
False
Is 2726569361 composite?
True
Is 3198195643 a prime number?
True
Is 297442657 prime?
True
Is 70583213 a composite number?
True
Is 937685239 prime?
True
Is 1611739379 prime?
False
Is 14216421801 a composite number?
True
Is 97348811891 a composite number?
True
Is 68302555019 prime?
True
Is 90012848239 a prime number?
True
Is 2546364449 a prime numb